{"id":846,"date":"2024-03-19T19:44:49","date_gmt":"2024-03-19T22:44:49","guid":{"rendered":"https:\/\/cirurgiaplasticapassofundo.com.br\/?page_id=846"},"modified":"2026-01-15T11:01:19","modified_gmt":"2026-01-15T14:01:19","slug":"localizacao","status":"publish","type":"page","link":"https:\/\/liftcomplexo.com.br\/?page_id=846","title":{"rendered":"Localiza\u00e7\u00e3o"},"content":{"rendered":"\t\t<div data-elementor-type=\"wp-page\" data-elementor-id=\"846\" class=\"elementor elementor-846\" data-elementor-settings=\"[]\">\r\n\t\t\t\t\t\t\t<div class=\"elementor-section-wrap\">\r\n\t\t\t\t\t\t\t<section class=\"elementor-section elementor-top-section elementor-element elementor-element-da495d3 elementor-section-boxed elementor-section-height-default elementor-section-height-default\" data-id=\"da495d3\" data-element_type=\"section\">\r\n\t\t\t\t\t\t<div class=\"elementor-container elementor-column-gap-default\">\r\n\t\t\t\t\t<div class=\"elementor-column elementor-col-100 elementor-top-column elementor-element elementor-element-f78c1fa\" data-id=\"f78c1fa\" data-element_type=\"column\">\r\n\t\t\t<div class=\"elementor-widget-wrap elementor-element-populated\">\r\n\t\t\t\t\t\t\t\t<div class=\"elementor-element elementor-element-fb742cb elementor-widget elementor-widget-text-editor\" data-id=\"fb742cb\" data-element_type=\"widget\" data-widget_type=\"text-editor.default\">\r\n\t\t\t\t<div class=\"elementor-widget-container\">\r\n\t\t\t\t\t\t\t\t<p>Onde Estamos<\/p>\t\t\t\t\t\t<\/div>\r\n\t\t\t\t<\/div>\r\n\t\t\t\t<div class=\"elementor-element elementor-element-4b4a410 elementor-widget-divider--view-line elementor-widget elementor-widget-divider\" data-id=\"4b4a410\" data-element_type=\"widget\" data-widget_type=\"divider.default\">\r\n\t\t\t\t<div class=\"elementor-widget-container\">\r\n\t\t\t\t\t<div class=\"elementor-divider\">\r\n\t\t\t<span class=\"elementor-divider-separator\">\r\n\t\t\t\t\t\t<\/span>\r\n\t\t<\/div>\r\n\t\t\t\t<\/div>\r\n\t\t\t\t<\/div>\r\n\t\t\t\t<div class=\"elementor-element elementor-element-cede12f elementor-hidden-phone elementor-invisible elementor-widget elementor-widget-heading\" data-id=\"cede12f\" data-element_type=\"widget\" data-settings=\"{&quot;_animation&quot;:&quot;fadeIn&quot;}\" data-widget_type=\"heading.default\">\r\n\t\t\t\t<div class=\"elementor-widget-container\">\r\n\t\t\t<h5 class=\"elementor-heading-title elementor-size-medium\">Av. Senador Virgilio Tavora 150, Meireles Fortaleza - CE<\/h5>\t\t<\/div>\r\n\t\t\t\t<\/div>\r\n\t\t\t\t\t<\/div>\r\n\t\t<\/div>\r\n\t\t\t\t\t\t\t<\/div>\r\n\t\t<\/section>\r\n\t\t\t\t<section class=\"elementor-section elementor-top-section elementor-element elementor-element-5a346e9 elementor-section-full_width elementor-section-height-default elementor-section-height-default\" data-id=\"5a346e9\" data-element_type=\"section\" data-settings=\"{&quot;background_background&quot;:&quot;classic&quot;}\">\r\n\t\t\t\t\t\t<div class=\"elementor-container elementor-column-gap-no\">\r\n\t\t\t\t\t<div class=\"elementor-column elementor-col-100 elementor-top-column elementor-element elementor-element-50b05ef\" data-id=\"50b05ef\" data-element_type=\"column\">\r\n\t\t\t<div class=\"elementor-widget-wrap elementor-element-populated\">\r\n\t\t\t\t\t\t\t\t<div class=\"elementor-element elementor-element-e63b17d elementor-invisible elementor-widget elementor-widget-google_maps\" data-id=\"e63b17d\" data-element_type=\"widget\" data-settings=\"{&quot;_animation&quot;:&quot;fadeInLeft&quot;}\" data-widget_type=\"google_maps.default\">\r\n\t\t\t\t<div class=\"elementor-widget-container\">\r\n\t\t\t<div class=\"elementor-custom-embed\"><iframe frameborder=\"0\" scrolling=\"no\" marginheight=\"0\" marginwidth=\"0\" src=\"https:\/\/maps.google.com\/maps?q=Av%20Senador%20Virgilio%20Tavora%20150&amp;t=m&amp;z=15&amp;output=embed&amp;iwloc=near\" title=\"Av Senador Virgilio Tavora 150\" aria-label=\"Av Senador Virgilio Tavora 150\"><\/iframe><\/div>\t\t<\/div>\r\n\t\t\t\t<\/div>\r\n\t\t\t\t\t<\/div>\r\n\t\t<\/div>\r\n\t\t\t\t\t\t\t<\/div>\r\n\t\t<\/section>\r\n\t\t\t\t\t\t<\/div>\r\n\t\t\t\t\t<\/div>\r\n\t\t","protected":false},"excerpt":{"rendered":"<p>Onde Estamos Av. Senador Virgilio Tavora 150, Meireles Fortaleza &#8211; CE<\/p>\n","protected":false},"author":1,"featured_media":896,"parent":0,"menu_order":0,"comment_status":"closed","ping_status":"closed","template":"","meta":{"footnotes":""},"yoast_head":"<!-- This site is optimized with the Yoast SEO plugin v22.2 - https:\/\/yoast.com\/wordpress\/plugins\/seo\/ -->\n<title>Localiza\u00e7\u00e3o do Lift Complexo em Fortaleza, Cear\u00e1<\/title>\n<meta name=\"description\" content=\"Saiba Agora Como Chegar no Lift Complexo em Fortaleza, Cear\u00e1. O Maior e Melhor Hospital de Cirurgias Pl\u00e1sticas do Nordeste. Conhe\u00e7a Agora.\" \/>\n<meta name=\"robots\" content=\"index, follow, max-snippet:-1, max-image-preview:large, max-video-preview:-1\" \/>\n<link rel=\"canonical\" href=\"https:\/\/liftcomplexo.com.br\/?page_id=846\" \/>\n<meta property=\"og:locale\" content=\"pt_BR\" \/>\n<meta property=\"og:type\" content=\"article\" \/>\n<meta property=\"og:title\" content=\"Localiza\u00e7\u00e3o do Lift Complexo em Fortaleza, Cear\u00e1\" \/>\n<meta property=\"og:description\" content=\"Saiba Agora Como Chegar no Lift Complexo em Fortaleza, Cear\u00e1. O Maior e Melhor Hospital de Cirurgias Pl\u00e1sticas do Nordeste. Conhe\u00e7a Agora.\" \/>\n<meta property=\"og:url\" content=\"https:\/\/liftcomplexo.com.br\/?page_id=846\" \/>\n<meta property=\"article:modified_time\" content=\"2026-01-15T14:01:19+00:00\" \/>\n<meta property=\"og:image\" content=\"http:\/\/liftcomplexo.com.br\/wp-content\/uploads\/2024\/04\/c.jpg\" \/>\n\t<meta property=\"og:image:width\" content=\"482\" \/>\n\t<meta property=\"og:image:height\" content=\"660\" \/>\n\t<meta property=\"og:image:type\" content=\"image\/jpeg\" \/>\n<meta name=\"twitter:card\" content=\"summary_large_image\" \/>\n<meta name=\"twitter:label1\" content=\"Est. tempo de leitura\" \/>\n\t<meta name=\"twitter:data1\" content=\"1 minuto\" \/>\n<script type=\"application\/ld+json\" class=\"yoast-schema-graph\">{\"@context\":\"https:\/\/schema.org\",\"@graph\":[{\"@type\":\"WebPage\",\"@id\":\"https:\/\/liftcomplexo.com.br\/?page_id=846\",\"url\":\"https:\/\/liftcomplexo.com.br\/?page_id=846\",\"name\":\"Localiza\u00e7\u00e3o do Lift Complexo em Fortaleza, Cear\u00e1\",\"isPartOf\":{\"@id\":\"https:\/\/liftcomplexo.com.br\/#website\"},\"primaryImageOfPage\":{\"@id\":\"https:\/\/liftcomplexo.com.br\/?page_id=846#primaryimage\"},\"image\":{\"@id\":\"https:\/\/liftcomplexo.com.br\/?page_id=846#primaryimage\"},\"thumbnailUrl\":\"https:\/\/liftcomplexo.com.br\/wp-content\/uploads\/2024\/04\/c.jpg\",\"datePublished\":\"2024-03-19T22:44:49+00:00\",\"dateModified\":\"2026-01-15T14:01:19+00:00\",\"description\":\"Saiba Agora Como Chegar no Lift Complexo em Fortaleza, Cear\u00e1. O Maior e Melhor Hospital de Cirurgias Pl\u00e1sticas do Nordeste. Conhe\u00e7a Agora.\",\"breadcrumb\":{\"@id\":\"https:\/\/liftcomplexo.com.br\/?page_id=846#breadcrumb\"},\"inLanguage\":\"pt-BR\",\"potentialAction\":[{\"@type\":\"ReadAction\",\"target\":[\"https:\/\/liftcomplexo.com.br\/?page_id=846\"]}]},{\"@type\":\"ImageObject\",\"inLanguage\":\"pt-BR\",\"@id\":\"https:\/\/liftcomplexo.com.br\/?page_id=846#primaryimage\",\"url\":\"https:\/\/liftcomplexo.com.br\/wp-content\/uploads\/2024\/04\/c.jpg\",\"contentUrl\":\"https:\/\/liftcomplexo.com.br\/wp-content\/uploads\/2024\/04\/c.jpg\",\"width\":482,\"height\":660},{\"@type\":\"BreadcrumbList\",\"@id\":\"https:\/\/liftcomplexo.com.br\/?page_id=846#breadcrumb\",\"itemListElement\":[{\"@type\":\"ListItem\",\"position\":1,\"name\":\"In\u00edcio\",\"item\":\"https:\/\/liftcomplexo.com.br\/\"},{\"@type\":\"ListItem\",\"position\":2,\"name\":\"Localiza\u00e7\u00e3o\"}]},{\"@type\":\"WebSite\",\"@id\":\"https:\/\/liftcomplexo.com.br\/#website\",\"url\":\"https:\/\/liftcomplexo.com.br\/\",\"name\":\"\",\"description\":\"\",\"potentialAction\":[{\"@type\":\"SearchAction\",\"target\":{\"@type\":\"EntryPoint\",\"urlTemplate\":\"https:\/\/liftcomplexo.com.br\/?s={search_term_string}\"},\"query-input\":\"required name=search_term_string\"}],\"inLanguage\":\"pt-BR\"}]}<\/script>\n<!-- \/ Yoast SEO plugin. -->","yoast_head_json":{"title":"Localiza\u00e7\u00e3o do Lift Complexo em Fortaleza, Cear\u00e1","description":"Saiba Agora Como Chegar no Lift Complexo em Fortaleza, Cear\u00e1. O Maior e Melhor Hospital de Cirurgias Pl\u00e1sticas do Nordeste. Conhe\u00e7a Agora.","robots":{"index":"index","follow":"follow","max-snippet":"max-snippet:-1","max-image-preview":"max-image-preview:large","max-video-preview":"max-video-preview:-1"},"canonical":"https:\/\/liftcomplexo.com.br\/?page_id=846","og_locale":"pt_BR","og_type":"article","og_title":"Localiza\u00e7\u00e3o do Lift Complexo em Fortaleza, Cear\u00e1","og_description":"Saiba Agora Como Chegar no Lift Complexo em Fortaleza, Cear\u00e1. O Maior e Melhor Hospital de Cirurgias Pl\u00e1sticas do Nordeste. Conhe\u00e7a Agora.","og_url":"https:\/\/liftcomplexo.com.br\/?page_id=846","article_modified_time":"2026-01-15T14:01:19+00:00","og_image":[{"width":482,"height":660,"url":"http:\/\/liftcomplexo.com.br\/wp-content\/uploads\/2024\/04\/c.jpg","type":"image\/jpeg"}],"twitter_card":"summary_large_image","twitter_misc":{"Est. tempo de leitura":"1 minuto"},"schema":{"@context":"https:\/\/schema.org","@graph":[{"@type":"WebPage","@id":"https:\/\/liftcomplexo.com.br\/?page_id=846","url":"https:\/\/liftcomplexo.com.br\/?page_id=846","name":"Localiza\u00e7\u00e3o do Lift Complexo em Fortaleza, Cear\u00e1","isPartOf":{"@id":"https:\/\/liftcomplexo.com.br\/#website"},"primaryImageOfPage":{"@id":"https:\/\/liftcomplexo.com.br\/?page_id=846#primaryimage"},"image":{"@id":"https:\/\/liftcomplexo.com.br\/?page_id=846#primaryimage"},"thumbnailUrl":"https:\/\/liftcomplexo.com.br\/wp-content\/uploads\/2024\/04\/c.jpg","datePublished":"2024-03-19T22:44:49+00:00","dateModified":"2026-01-15T14:01:19+00:00","description":"Saiba Agora Como Chegar no Lift Complexo em Fortaleza, Cear\u00e1. O Maior e Melhor Hospital de Cirurgias Pl\u00e1sticas do Nordeste. Conhe\u00e7a Agora.","breadcrumb":{"@id":"https:\/\/liftcomplexo.com.br\/?page_id=846#breadcrumb"},"inLanguage":"pt-BR","potentialAction":[{"@type":"ReadAction","target":["https:\/\/liftcomplexo.com.br\/?page_id=846"]}]},{"@type":"ImageObject","inLanguage":"pt-BR","@id":"https:\/\/liftcomplexo.com.br\/?page_id=846#primaryimage","url":"https:\/\/liftcomplexo.com.br\/wp-content\/uploads\/2024\/04\/c.jpg","contentUrl":"https:\/\/liftcomplexo.com.br\/wp-content\/uploads\/2024\/04\/c.jpg","width":482,"height":660},{"@type":"BreadcrumbList","@id":"https:\/\/liftcomplexo.com.br\/?page_id=846#breadcrumb","itemListElement":[{"@type":"ListItem","position":1,"name":"In\u00edcio","item":"https:\/\/liftcomplexo.com.br\/"},{"@type":"ListItem","position":2,"name":"Localiza\u00e7\u00e3o"}]},{"@type":"WebSite","@id":"https:\/\/liftcomplexo.com.br\/#website","url":"https:\/\/liftcomplexo.com.br\/","name":"","description":"","potentialAction":[{"@type":"SearchAction","target":{"@type":"EntryPoint","urlTemplate":"https:\/\/liftcomplexo.com.br\/?s={search_term_string}"},"query-input":"required name=search_term_string"}],"inLanguage":"pt-BR"}]}},"_links":{"self":[{"href":"https:\/\/liftcomplexo.com.br\/index.php?rest_route=\/wp\/v2\/pages\/846"}],"collection":[{"href":"https:\/\/liftcomplexo.com.br\/index.php?rest_route=\/wp\/v2\/pages"}],"about":[{"href":"https:\/\/liftcomplexo.com.br\/index.php?rest_route=\/wp\/v2\/types\/page"}],"author":[{"embeddable":true,"href":"https:\/\/liftcomplexo.com.br\/index.php?rest_route=\/wp\/v2\/users\/1"}],"replies":[{"embeddable":true,"href":"https:\/\/liftcomplexo.com.br\/index.php?rest_route=%2Fwp%2Fv2%2Fcomments&post=846"}],"version-history":[{"count":13,"href":"https:\/\/liftcomplexo.com.br\/index.php?rest_route=\/wp\/v2\/pages\/846\/revisions"}],"predecessor-version":[{"id":2413,"href":"https:\/\/liftcomplexo.com.br\/index.php?rest_route=\/wp\/v2\/pages\/846\/revisions\/2413"}],"wp:featuredmedia":[{"embeddable":true,"href":"https:\/\/liftcomplexo.com.br\/index.php?rest_route=\/wp\/v2\/media\/896"}],"wp:attachment":[{"href":"https:\/\/liftcomplexo.com.br\/index.php?rest_route=%2Fwp%2Fv2%2Fmedia&parent=846"}],"curies":[{"name":"wp","href":"https:\/\/api.w.org\/{rel}","templated":true}]}}