{"id":257,"date":"2024-03-15T15:20:06","date_gmt":"2024-03-15T18:20:06","guid":{"rendered":"https:\/\/cirurgiaplasticapassofundo.com.br\/?page_id=257"},"modified":"2026-01-15T10:53:10","modified_gmt":"2026-01-15T13:53:10","slug":"conheca-lift-complexo","status":"publish","type":"page","link":"https:\/\/liftcomplexo.com.br\/?page_id=257","title":{"rendered":"Conhe\u00e7a &#8211; Lift Complexo"},"content":{"rendered":"\t\t<div data-elementor-type=\"wp-page\" data-elementor-id=\"257\" class=\"elementor elementor-257\" data-elementor-settings=\"[]\">\r\n\t\t\t\t\t\t\t<div class=\"elementor-section-wrap\">\r\n\t\t\t\t\t\t\t<section class=\"elementor-section elementor-top-section elementor-element elementor-element-988d7c2 elementor-section-boxed elementor-section-height-default elementor-section-height-default\" data-id=\"988d7c2\" data-element_type=\"section\">\r\n\t\t\t\t\t\t<div class=\"elementor-container elementor-column-gap-default\">\r\n\t\t\t\t\t<div class=\"elementor-column elementor-col-50 elementor-top-column elementor-element elementor-element-1d71c7f\" data-id=\"1d71c7f\" data-element_type=\"column\">\r\n\t\t\t<div class=\"elementor-widget-wrap elementor-element-populated\">\r\n\t\t\t\t\t\t\t\t<div class=\"elementor-element elementor-element-6a23f5d elementor-invisible elementor-widget elementor-widget-image\" data-id=\"6a23f5d\" data-element_type=\"widget\" data-settings=\"{&quot;_animation&quot;:&quot;fadeInLeft&quot;}\" data-widget_type=\"image.default\">\r\n\t\t\t\t<div class=\"elementor-widget-container\">\r\n\t\t\t\t\t\t\t\t\t\t\t\t\t\t\t<img loading=\"lazy\" decoding=\"async\" width=\"705\" height=\"927\" src=\"https:\/\/liftcomplexo.com.br\/wp-content\/uploads\/2026\/01\/a1.jpg\" class=\"attachment-large size-large\" alt=\"\" srcset=\"https:\/\/liftcomplexo.com.br\/wp-content\/uploads\/2026\/01\/a1.jpg 705w, https:\/\/liftcomplexo.com.br\/wp-content\/uploads\/2026\/01\/a1-228x300.jpg 228w\" sizes=\"(max-width: 705px) 100vw, 705px\" \/>\t\t\t\t\t\t\t\t\t\t\t\t\t\t\t<\/div>\r\n\t\t\t\t<\/div>\r\n\t\t\t\t<div class=\"elementor-element elementor-element-18d81fe elementor-widget elementor-widget-gallery\" data-id=\"18d81fe\" data-element_type=\"widget\" data-settings=\"{&quot;columns&quot;:3,&quot;lazyload&quot;:&quot;yes&quot;,&quot;gallery_layout&quot;:&quot;grid&quot;,&quot;columns_tablet&quot;:2,&quot;columns_mobile&quot;:1,&quot;gap&quot;:{&quot;unit&quot;:&quot;px&quot;,&quot;size&quot;:10,&quot;sizes&quot;:[]},&quot;gap_tablet&quot;:{&quot;unit&quot;:&quot;px&quot;,&quot;size&quot;:10,&quot;sizes&quot;:[]},&quot;gap_mobile&quot;:{&quot;unit&quot;:&quot;px&quot;,&quot;size&quot;:10,&quot;sizes&quot;:[]},&quot;link_to&quot;:&quot;file&quot;,&quot;aspect_ratio&quot;:&quot;3:2&quot;,&quot;overlay_background&quot;:&quot;yes&quot;,&quot;content_hover_animation&quot;:&quot;fade-in&quot;}\" data-widget_type=\"gallery.default\">\r\n\t\t\t\t<div class=\"elementor-widget-container\">\r\n\t\t\t\t\t<div class=\"elementor-gallery__container\">\r\n\t\t\t\t\t\t\t<a class=\"e-gallery-item elementor-gallery-item elementor-animated-content\" href=\"https:\/\/liftcomplexo.com.br\/wp-content\/uploads\/2026\/01\/1-1.jpg\" data-elementor-open-lightbox=\"yes\" data-elementor-lightbox-slideshow=\"all-18d81fe\" data-elementor-lightbox-title=\"1\">\r\n\t\t\t\t\t<div class=\"e-gallery-image elementor-gallery-item__image\" data-thumbnail=\"https:\/\/liftcomplexo.com.br\/wp-content\/uploads\/2026\/01\/1-1-300x214.jpg\" data-width=\"300\" data-height=\"214\" alt=\"\" ><\/div>\r\n\t\t\t\t\t\t\t\t\t\t<div class=\"elementor-gallery-item__overlay\"><\/div>\r\n\t\t\t\t\t\t\t\t\t\t\t\t\t\t<\/a>\r\n\t\t\t\t\t\t\t<a class=\"e-gallery-item elementor-gallery-item elementor-animated-content\" href=\"https:\/\/liftcomplexo.com.br\/wp-content\/uploads\/2026\/01\/2-1.jpg\" data-elementor-open-lightbox=\"yes\" data-elementor-lightbox-slideshow=\"all-18d81fe\" data-elementor-lightbox-title=\"2\">\r\n\t\t\t\t\t<div class=\"e-gallery-image elementor-gallery-item__image\" data-thumbnail=\"https:\/\/liftcomplexo.com.br\/wp-content\/uploads\/2026\/01\/2-1-300x214.jpg\" data-width=\"300\" data-height=\"214\" alt=\"\" ><\/div>\r\n\t\t\t\t\t\t\t\t\t\t<div class=\"elementor-gallery-item__overlay\"><\/div>\r\n\t\t\t\t\t\t\t\t\t\t\t\t\t\t<\/a>\r\n\t\t\t\t\t\t\t<a class=\"e-gallery-item elementor-gallery-item elementor-animated-content\" href=\"https:\/\/liftcomplexo.com.br\/wp-content\/uploads\/2026\/01\/3-1.jpg\" data-elementor-open-lightbox=\"yes\" data-elementor-lightbox-slideshow=\"all-18d81fe\" data-elementor-lightbox-title=\"3\">\r\n\t\t\t\t\t<div class=\"e-gallery-image elementor-gallery-item__image\" data-thumbnail=\"https:\/\/liftcomplexo.com.br\/wp-content\/uploads\/2026\/01\/3-1-300x214.jpg\" data-width=\"300\" data-height=\"214\" alt=\"\" ><\/div>\r\n\t\t\t\t\t\t\t\t\t\t<div class=\"elementor-gallery-item__overlay\"><\/div>\r\n\t\t\t\t\t\t\t\t\t\t\t\t\t\t<\/a>\r\n\t\t\t\t\t\t\t<a class=\"e-gallery-item elementor-gallery-item elementor-animated-content\" href=\"https:\/\/liftcomplexo.com.br\/wp-content\/uploads\/2026\/01\/4-1.jpg\" data-elementor-open-lightbox=\"yes\" data-elementor-lightbox-slideshow=\"all-18d81fe\" data-elementor-lightbox-title=\"4\">\r\n\t\t\t\t\t<div class=\"e-gallery-image elementor-gallery-item__image\" data-thumbnail=\"https:\/\/liftcomplexo.com.br\/wp-content\/uploads\/2026\/01\/4-1-300x214.jpg\" data-width=\"300\" data-height=\"214\" alt=\"\" ><\/div>\r\n\t\t\t\t\t\t\t\t\t\t<div class=\"elementor-gallery-item__overlay\"><\/div>\r\n\t\t\t\t\t\t\t\t\t\t\t\t\t\t<\/a>\r\n\t\t\t\t\t\t\t<a class=\"e-gallery-item elementor-gallery-item elementor-animated-content\" href=\"https:\/\/liftcomplexo.com.br\/wp-content\/uploads\/2026\/01\/5-1.jpg\" data-elementor-open-lightbox=\"yes\" data-elementor-lightbox-slideshow=\"all-18d81fe\" data-elementor-lightbox-title=\"5\">\r\n\t\t\t\t\t<div class=\"e-gallery-image elementor-gallery-item__image\" data-thumbnail=\"https:\/\/liftcomplexo.com.br\/wp-content\/uploads\/2026\/01\/5-1-300x214.jpg\" data-width=\"300\" data-height=\"214\" alt=\"\" ><\/div>\r\n\t\t\t\t\t\t\t\t\t\t<div class=\"elementor-gallery-item__overlay\"><\/div>\r\n\t\t\t\t\t\t\t\t\t\t\t\t\t\t<\/a>\r\n\t\t\t\t\t\t\t<a class=\"e-gallery-item elementor-gallery-item elementor-animated-content\" href=\"https:\/\/liftcomplexo.com.br\/wp-content\/uploads\/2026\/01\/6.jpg\" data-elementor-open-lightbox=\"yes\" data-elementor-lightbox-slideshow=\"all-18d81fe\" data-elementor-lightbox-title=\"6\">\r\n\t\t\t\t\t<div class=\"e-gallery-image elementor-gallery-item__image\" data-thumbnail=\"https:\/\/liftcomplexo.com.br\/wp-content\/uploads\/2026\/01\/6-300x214.jpg\" data-width=\"300\" data-height=\"214\" alt=\"\" ><\/div>\r\n\t\t\t\t\t\t\t\t\t\t<div class=\"elementor-gallery-item__overlay\"><\/div>\r\n\t\t\t\t\t\t\t\t\t\t\t\t\t\t<\/a>\r\n\t\t\t\t\t<\/div>\r\n\t\t\t<\/div>\r\n\t\t\t\t<\/div>\r\n\t\t\t\t\t<\/div>\r\n\t\t<\/div>\r\n\t\t\t\t<div class=\"elementor-column elementor-col-50 elementor-top-column elementor-element elementor-element-1ef706d\" data-id=\"1ef706d\" data-element_type=\"column\">\r\n\t\t\t<div class=\"elementor-widget-wrap elementor-element-populated\">\r\n\t\t\t\t\t\t\t\t<div class=\"elementor-element elementor-element-5070324 elementor-widget elementor-widget-text-editor\" data-id=\"5070324\" data-element_type=\"widget\" data-widget_type=\"text-editor.default\">\r\n\t\t\t\t<div class=\"elementor-widget-container\">\r\n\t\t\t\t\t\t\t\t<p>Lift Hospital<\/p>\t\t\t\t\t\t<\/div>\r\n\t\t\t\t<\/div>\r\n\t\t\t\t<div class=\"elementor-element elementor-element-6a86ca6 elementor-widget-divider--view-line elementor-widget elementor-widget-divider\" data-id=\"6a86ca6\" data-element_type=\"widget\" data-widget_type=\"divider.default\">\r\n\t\t\t\t<div class=\"elementor-widget-container\">\r\n\t\t\t\t\t<div class=\"elementor-divider\">\r\n\t\t\t<span class=\"elementor-divider-separator\">\r\n\t\t\t\t\t\t<\/span>\r\n\t\t<\/div>\r\n\t\t\t\t<\/div>\r\n\t\t\t\t<\/div>\r\n\t\t\t\t<div class=\"elementor-element elementor-element-470dba4 elementor-invisible elementor-widget elementor-widget-text-editor\" data-id=\"470dba4\" data-element_type=\"widget\" data-settings=\"{&quot;_animation&quot;:&quot;fadeInRight&quot;}\" data-widget_type=\"text-editor.default\">\r\n\t\t\t\t<div class=\"elementor-widget-container\">\r\n\t\t\t\t\t\t\t\t<p>O Lift Complexo Hospitalar oferece um ambiente seguro, onde tecnologia de ponta, efici\u00eancia operacional e aten\u00e7\u00e3o aos detalhes caminham juntas. O espa\u00e7o foi concebido para a realiza\u00e7\u00e3o de procedimentos, interna\u00e7\u00f5es e para oferecer uma solu\u00e7\u00e3o completa tanto para m\u00e9dicos quanto para pacientes.<\/p><p>Com uma estrutura desenvolvida a partir de uma arquitetura moderna e funcional, o Lift acompanha as principais tend\u00eancias globais da \u00e1rea da sa\u00fade, viabilizando cirurgias, interna\u00e7\u00f5es e exames com elevado padr\u00e3o de seguran\u00e7a, excel\u00eancia e conforto.<\/p><p>Prop\u00f3sito<\/p><p>Entregar uma experi\u00eancia em sa\u00fade diferenciada e de alto n\u00edvel para m\u00e9dicos e pacientes.<\/p><p>Valores Centrais<\/p><p>* Excel\u00eancia<br \/>* Inova\u00e7\u00e3o e Atualiza\u00e7\u00e3o Cont\u00ednua<br \/>* Seguran\u00e7a como Prioridade Absoluta<br \/>* \u00c9tica<br \/>* Cuidado e Acolhimento<br \/>* Crescimento e Sustentabilidade Empresarial<\/p><p>Instala\u00e7\u00f5es<\/p><p>Oferecemos um conceito exclusivo de hotelaria hospitalar no Rio Grande do Sul. Inspirado no conceito Blanc, o Lift foi pensado por profissionais que compreendem a import\u00e2ncia de um ambiente qualificado para quem atua e para quem \u00e9 cuidado:<\/p><p>* Recep\u00e7\u00e3o ampla e acolhedora<br \/>* Leitos dedicados \u00e0 recupera\u00e7\u00e3o<br \/>* Su\u00edtes para interna\u00e7\u00e3o<br \/>* Infraestrutura moderna<br \/>* Servi\u00e7o de nutri\u00e7\u00e3o especializada<\/p>\t\t\t\t\t\t<\/div>\r\n\t\t\t\t<\/div>\r\n\t\t\t\t\t<\/div>\r\n\t\t<\/div>\r\n\t\t\t\t\t\t\t<\/div>\r\n\t\t<\/section>\r\n\t\t\t\t<section class=\"elementor-section elementor-top-section elementor-element elementor-element-932c058 elementor-section-boxed elementor-section-height-default elementor-section-height-default\" data-id=\"932c058\" data-element_type=\"section\">\r\n\t\t\t\t\t\t<div class=\"elementor-container elementor-column-gap-default\">\r\n\t\t\t\t\t<div class=\"elementor-column elementor-col-50 elementor-top-column elementor-element elementor-element-03c721d\" data-id=\"03c721d\" data-element_type=\"column\">\r\n\t\t\t<div class=\"elementor-widget-wrap elementor-element-populated\">\r\n\t\t\t\t\t\t\t\t<div class=\"elementor-element elementor-element-ec6936f elementor-invisible elementor-widget elementor-widget-image\" data-id=\"ec6936f\" data-element_type=\"widget\" data-settings=\"{&quot;_animation&quot;:&quot;fadeInLeft&quot;}\" data-widget_type=\"image.default\">\r\n\t\t\t\t<div class=\"elementor-widget-container\">\r\n\t\t\t\t\t\t\t\t\t\t\t\t\t\t\t<img loading=\"lazy\" decoding=\"async\" width=\"442\" height=\"614\" src=\"https:\/\/liftcomplexo.com.br\/wp-content\/uploads\/2025\/12\/aaa.jpg\" class=\"attachment-large size-large\" alt=\"\" srcset=\"https:\/\/liftcomplexo.com.br\/wp-content\/uploads\/2025\/12\/aaa.jpg 442w, https:\/\/liftcomplexo.com.br\/wp-content\/uploads\/2025\/12\/aaa-216x300.jpg 216w\" sizes=\"(max-width: 442px) 100vw, 442px\" \/>\t\t\t\t\t\t\t\t\t\t\t\t\t\t\t<\/div>\r\n\t\t\t\t<\/div>\r\n\t\t\t\t\t<\/div>\r\n\t\t<\/div>\r\n\t\t\t\t<div class=\"elementor-column elementor-col-50 elementor-top-column elementor-element elementor-element-b922baa\" data-id=\"b922baa\" data-element_type=\"column\">\r\n\t\t\t<div class=\"elementor-widget-wrap elementor-element-populated\">\r\n\t\t\t\t\t\t\t\t<div class=\"elementor-element elementor-element-3ca486d elementor-widget elementor-widget-text-editor\" data-id=\"3ca486d\" data-element_type=\"widget\" data-widget_type=\"text-editor.default\">\r\n\t\t\t\t<div class=\"elementor-widget-container\">\r\n\t\t\t\t\t\t\t\t<p>Dr. Davi Pontes<\/p>\t\t\t\t\t\t<\/div>\r\n\t\t\t\t<\/div>\r\n\t\t\t\t<div class=\"elementor-element elementor-element-da7cb8b elementor-widget elementor-widget-heading\" data-id=\"da7cb8b\" data-element_type=\"widget\" data-widget_type=\"heading.default\">\r\n\t\t\t\t<div class=\"elementor-widget-container\">\r\n\t\t\t<h2 class=\"elementor-heading-title elementor-size-default\">Diretor<\/h2>\t\t<\/div>\r\n\t\t\t\t<\/div>\r\n\t\t\t\t<div class=\"elementor-element elementor-element-249f718 elementor-widget-divider--view-line elementor-widget elementor-widget-divider\" data-id=\"249f718\" data-element_type=\"widget\" data-widget_type=\"divider.default\">\r\n\t\t\t\t<div class=\"elementor-widget-container\">\r\n\t\t\t\t\t<div class=\"elementor-divider\">\r\n\t\t\t<span class=\"elementor-divider-separator\">\r\n\t\t\t\t\t\t<\/span>\r\n\t\t<\/div>\r\n\t\t\t\t<\/div>\r\n\t\t\t\t<\/div>\r\n\t\t\t\t<div class=\"elementor-element elementor-element-e815f22 elementor-invisible elementor-widget elementor-widget-text-editor\" data-id=\"e815f22\" data-element_type=\"widget\" data-settings=\"{&quot;_animation&quot;:&quot;fadeInRight&quot;}\" data-widget_type=\"text-editor.default\">\r\n\t\t\t\t<div class=\"elementor-widget-container\">\r\n\t\t\t\t\t\t\t\t<h5 data-start=\"786\" data-end=\"836\"><strong data-start=\"790\" data-end=\"836\">Dire\u00e7\u00e3o M\u00e9dica e Excel\u00eancia em Atendimento<\/strong><\/h5><p data-start=\"838\" data-end=\"1235\">Sob a dire\u00e7\u00e3o do <strong data-start=\"855\" data-end=\"874\">Dr. Davi Pontes<\/strong>, renomado cirurgi\u00e3o pl\u00e1stico e fundador do complexo, o Lift se consolidou como um dos principais centros de sa\u00fade da regi\u00e3o. Com vasta experi\u00eancia e reputa\u00e7\u00e3o s\u00f3lida na \u00e1rea m\u00e9dica, o Dr. Davi lidera uma equipe de profissionais altamente qualificados, guiando cada etapa do cuidado com dedica\u00e7\u00e3o, \u00e9tica e precis\u00e3o t\u00e9cnica.<\/p><p>A satisfa\u00e7\u00e3o dos nossos pacientes \u00e9 a nossa maior prioridade. <br \/>No Lift Complexo Hospitalar, cada atendimento \u00e9 planejado de forma personalizada, garantindo uma experi\u00eancia acolhedora, segura e eficiente desde a primeira consulta at\u00e9 o acompanhamento p\u00f3s-procedimento.<\/p>\t\t\t\t\t\t<\/div>\r\n\t\t\t\t<\/div>\r\n\t\t\t\t\t<\/div>\r\n\t\t<\/div>\r\n\t\t\t\t\t\t\t<\/div>\r\n\t\t<\/section>\r\n\t\t\t\t\t\t<\/div>\r\n\t\t\t\t\t<\/div>\r\n\t\t","protected":false},"excerpt":{"rendered":"<p>Lift Hospital O Lift Complexo Hospitalar oferece um ambiente seguro, onde tecnologia de ponta, efici\u00eancia operacional e aten\u00e7\u00e3o aos detalhes caminham juntas. O espa\u00e7o foi concebido para a realiza\u00e7\u00e3o de procedimentos, interna\u00e7\u00f5es e para oferecer uma solu\u00e7\u00e3o completa tanto para m\u00e9dicos quanto para pacientes. Com uma estrutura desenvolvida a partir de uma arquitetura moderna e [&hellip;]<\/p>\n","protected":false},"author":1,"featured_media":0,"parent":0,"menu_order":0,"comment_status":"closed","ping_status":"closed","template":"","meta":{"footnotes":""},"yoast_head":"<!-- This site is optimized with the Yoast SEO plugin v22.2 - https:\/\/yoast.com\/wordpress\/plugins\/seo\/ -->\n<title>Conhe\u00e7a - Lift Complexo -<\/title>\n<meta name=\"description\" content=\"Conhe\u00e7a Agora o Lift Complexo em Fortaleza. O Maior e Melhor Hospital de Cirurgias Pl\u00e1sticas do Nordeste. Venha Conhecer Marque Agora Sua Consulta Online.\" \/>\n<meta name=\"robots\" content=\"index, follow, max-snippet:-1, max-image-preview:large, max-video-preview:-1\" \/>\n<link rel=\"canonical\" href=\"https:\/\/liftcomplexo.com.br\/?page_id=257\" \/>\n<meta property=\"og:locale\" content=\"pt_BR\" \/>\n<meta property=\"og:type\" content=\"article\" \/>\n<meta property=\"og:title\" content=\"Conhe\u00e7a - Lift Complexo -\" \/>\n<meta property=\"og:description\" content=\"Conhe\u00e7a Agora o Lift Complexo em Fortaleza. O Maior e Melhor Hospital de Cirurgias Pl\u00e1sticas do Nordeste. Venha Conhecer Marque Agora Sua Consulta Online.\" \/>\n<meta property=\"og:url\" content=\"https:\/\/liftcomplexo.com.br\/?page_id=257\" \/>\n<meta property=\"article:modified_time\" content=\"2026-01-15T13:53:10+00:00\" \/>\n<meta property=\"og:image\" content=\"http:\/\/liftcomplexo.com.br\/wp-content\/uploads\/2026\/01\/a1.jpg\" \/>\n<meta name=\"twitter:card\" content=\"summary_large_image\" \/>\n<meta name=\"twitter:label1\" content=\"Est. tempo de leitura\" \/>\n\t<meta name=\"twitter:data1\" content=\"2 minutos\" \/>\n<script type=\"application\/ld+json\" class=\"yoast-schema-graph\">{\"@context\":\"https:\/\/schema.org\",\"@graph\":[{\"@type\":\"WebPage\",\"@id\":\"https:\/\/liftcomplexo.com.br\/?page_id=257\",\"url\":\"https:\/\/liftcomplexo.com.br\/?page_id=257\",\"name\":\"Conhe\u00e7a - Lift Complexo -\",\"isPartOf\":{\"@id\":\"https:\/\/liftcomplexo.com.br\/#website\"},\"primaryImageOfPage\":{\"@id\":\"https:\/\/liftcomplexo.com.br\/?page_id=257#primaryimage\"},\"image\":{\"@id\":\"https:\/\/liftcomplexo.com.br\/?page_id=257#primaryimage\"},\"thumbnailUrl\":\"http:\/\/liftcomplexo.com.br\/wp-content\/uploads\/2026\/01\/a1.jpg\",\"datePublished\":\"2024-03-15T18:20:06+00:00\",\"dateModified\":\"2026-01-15T13:53:10+00:00\",\"description\":\"Conhe\u00e7a Agora o Lift Complexo em Fortaleza. O Maior e Melhor Hospital de Cirurgias Pl\u00e1sticas do Nordeste. Venha Conhecer Marque Agora Sua Consulta Online.\",\"breadcrumb\":{\"@id\":\"https:\/\/liftcomplexo.com.br\/?page_id=257#breadcrumb\"},\"inLanguage\":\"pt-BR\",\"potentialAction\":[{\"@type\":\"ReadAction\",\"target\":[\"https:\/\/liftcomplexo.com.br\/?page_id=257\"]}]},{\"@type\":\"ImageObject\",\"inLanguage\":\"pt-BR\",\"@id\":\"https:\/\/liftcomplexo.com.br\/?page_id=257#primaryimage\",\"url\":\"http:\/\/liftcomplexo.com.br\/wp-content\/uploads\/2026\/01\/a1.jpg\",\"contentUrl\":\"http:\/\/liftcomplexo.com.br\/wp-content\/uploads\/2026\/01\/a1.jpg\"},{\"@type\":\"BreadcrumbList\",\"@id\":\"https:\/\/liftcomplexo.com.br\/?page_id=257#breadcrumb\",\"itemListElement\":[{\"@type\":\"ListItem\",\"position\":1,\"name\":\"In\u00edcio\",\"item\":\"https:\/\/liftcomplexo.com.br\/\"},{\"@type\":\"ListItem\",\"position\":2,\"name\":\"Conhe\u00e7a &#8211; Lift Complexo\"}]},{\"@type\":\"WebSite\",\"@id\":\"https:\/\/liftcomplexo.com.br\/#website\",\"url\":\"https:\/\/liftcomplexo.com.br\/\",\"name\":\"\",\"description\":\"\",\"potentialAction\":[{\"@type\":\"SearchAction\",\"target\":{\"@type\":\"EntryPoint\",\"urlTemplate\":\"https:\/\/liftcomplexo.com.br\/?s={search_term_string}\"},\"query-input\":\"required name=search_term_string\"}],\"inLanguage\":\"pt-BR\"}]}<\/script>\n<!-- \/ Yoast SEO plugin. -->","yoast_head_json":{"title":"Conhe\u00e7a - Lift Complexo -","description":"Conhe\u00e7a Agora o Lift Complexo em Fortaleza. O Maior e Melhor Hospital de Cirurgias Pl\u00e1sticas do Nordeste. Venha Conhecer Marque Agora Sua Consulta Online.","robots":{"index":"index","follow":"follow","max-snippet":"max-snippet:-1","max-image-preview":"max-image-preview:large","max-video-preview":"max-video-preview:-1"},"canonical":"https:\/\/liftcomplexo.com.br\/?page_id=257","og_locale":"pt_BR","og_type":"article","og_title":"Conhe\u00e7a - Lift Complexo -","og_description":"Conhe\u00e7a Agora o Lift Complexo em Fortaleza. O Maior e Melhor Hospital de Cirurgias Pl\u00e1sticas do Nordeste. Venha Conhecer Marque Agora Sua Consulta Online.","og_url":"https:\/\/liftcomplexo.com.br\/?page_id=257","article_modified_time":"2026-01-15T13:53:10+00:00","og_image":[{"url":"http:\/\/liftcomplexo.com.br\/wp-content\/uploads\/2026\/01\/a1.jpg"}],"twitter_card":"summary_large_image","twitter_misc":{"Est. tempo de leitura":"2 minutos"},"schema":{"@context":"https:\/\/schema.org","@graph":[{"@type":"WebPage","@id":"https:\/\/liftcomplexo.com.br\/?page_id=257","url":"https:\/\/liftcomplexo.com.br\/?page_id=257","name":"Conhe\u00e7a - Lift Complexo -","isPartOf":{"@id":"https:\/\/liftcomplexo.com.br\/#website"},"primaryImageOfPage":{"@id":"https:\/\/liftcomplexo.com.br\/?page_id=257#primaryimage"},"image":{"@id":"https:\/\/liftcomplexo.com.br\/?page_id=257#primaryimage"},"thumbnailUrl":"http:\/\/liftcomplexo.com.br\/wp-content\/uploads\/2026\/01\/a1.jpg","datePublished":"2024-03-15T18:20:06+00:00","dateModified":"2026-01-15T13:53:10+00:00","description":"Conhe\u00e7a Agora o Lift Complexo em Fortaleza. O Maior e Melhor Hospital de Cirurgias Pl\u00e1sticas do Nordeste. Venha Conhecer Marque Agora Sua Consulta Online.","breadcrumb":{"@id":"https:\/\/liftcomplexo.com.br\/?page_id=257#breadcrumb"},"inLanguage":"pt-BR","potentialAction":[{"@type":"ReadAction","target":["https:\/\/liftcomplexo.com.br\/?page_id=257"]}]},{"@type":"ImageObject","inLanguage":"pt-BR","@id":"https:\/\/liftcomplexo.com.br\/?page_id=257#primaryimage","url":"http:\/\/liftcomplexo.com.br\/wp-content\/uploads\/2026\/01\/a1.jpg","contentUrl":"http:\/\/liftcomplexo.com.br\/wp-content\/uploads\/2026\/01\/a1.jpg"},{"@type":"BreadcrumbList","@id":"https:\/\/liftcomplexo.com.br\/?page_id=257#breadcrumb","itemListElement":[{"@type":"ListItem","position":1,"name":"In\u00edcio","item":"https:\/\/liftcomplexo.com.br\/"},{"@type":"ListItem","position":2,"name":"Conhe\u00e7a &#8211; Lift Complexo"}]},{"@type":"WebSite","@id":"https:\/\/liftcomplexo.com.br\/#website","url":"https:\/\/liftcomplexo.com.br\/","name":"","description":"","potentialAction":[{"@type":"SearchAction","target":{"@type":"EntryPoint","urlTemplate":"https:\/\/liftcomplexo.com.br\/?s={search_term_string}"},"query-input":"required name=search_term_string"}],"inLanguage":"pt-BR"}]}},"_links":{"self":[{"href":"https:\/\/liftcomplexo.com.br\/index.php?rest_route=\/wp\/v2\/pages\/257"}],"collection":[{"href":"https:\/\/liftcomplexo.com.br\/index.php?rest_route=\/wp\/v2\/pages"}],"about":[{"href":"https:\/\/liftcomplexo.com.br\/index.php?rest_route=\/wp\/v2\/types\/page"}],"author":[{"embeddable":true,"href":"https:\/\/liftcomplexo.com.br\/index.php?rest_route=\/wp\/v2\/users\/1"}],"replies":[{"embeddable":true,"href":"https:\/\/liftcomplexo.com.br\/index.php?rest_route=%2Fwp%2Fv2%2Fcomments&post=257"}],"version-history":[{"count":54,"href":"https:\/\/liftcomplexo.com.br\/index.php?rest_route=\/wp\/v2\/pages\/257\/revisions"}],"predecessor-version":[{"id":2404,"href":"https:\/\/liftcomplexo.com.br\/index.php?rest_route=\/wp\/v2\/pages\/257\/revisions\/2404"}],"wp:attachment":[{"href":"https:\/\/liftcomplexo.com.br\/index.php?rest_route=%2Fwp%2Fv2%2Fmedia&parent=257"}],"curies":[{"name":"wp","href":"https:\/\/api.w.org\/{rel}","templated":true}]}}